. Let k be (-4 + 5)*3 - -3. What is x(k)?
-9
Let t = -5 + 5. Suppose 4*p + t*w = 2*w + 16, 4*w + 8 = 4*p. Let s(i) = i - 4. Determine s(p).
2
Let l(s) be the third derivative of s**4/12 - s**3/3 + s**2. Let z be ((-10)/4)/(3/6). Let p = z - -8. What is l(p)?
4
Let s = 10 - 21. Let k = 7 + s. Let w(l) = -4*l**3 - 6*l**2 + 8*l + 4. Let t(u) = 7*u**3 + 11*u**2 - 15*u - 8. Let a(x) = 3*t(x) + 5*w(x). Calculate a(k).
0
Suppose -3*i - 4 = x - 15, -3*i + 23 = -2*x. Let k(s) be the first derivative of -4*s - 1/3*s**3 - 3 + 2*s**2. Give k(i).
-9
Let w(t) = -t**3 + t**2 - t - 4. Suppose 3*z - 2*p + 1 = 0, 4*z + p = 2*p + 7. Suppose l = z*l. Determine w(l).
-4
Let k(l) = -l - 4. Let g(q) = -2*q + 22. Let r be g(11). What is k(r)?
-4
Let s be -3 + 1 + 5*1. Let d be (-1)/s*0 + 2. Let t(b) = 0 - d + 8*b + 3. What is t(1)?
9
Let x(c) = 0*c**3 - c**3 + 0 - 33*c**2 + 34*c**2 + 1. What is x(-2)?
13
Let n(r) = r**2 + 7*r + 3. Suppose -4*f = -0*f - 60. Suppose f = -2*o + 3*x - 3, -4 = o + x. Calculate n(o).
-3
Let v(n) = 4*n**2 - 5*n**2 + 0*n**2 + 5 + 0. Suppose -2*a = -5*u - 8, a - 3*u = -7*u - 9. Let g be ((1 + a)/3)/(-1). Give v(g).
5
Let a = 7 + -10. Let y(v) be the second derivative of v**4/6 + 2*v**3/3 - v**2/2 - 3*v. Let g be y(a). Let h(m) = m**3 - 4*m**2 - 7*m + 5. Calculate h(g).
-5
Let i(j) be the third derivative of -1/6*j**3 + 0*j**4 - 2*j**2 - 1/20*j**5 + 0*j + 0. What is i(-1)?
-4
Let o = 3 + -5. Let f be (4 - (o - -3)) + -7. Let a(g) = g**3 + 4*g**2 - 3*g - 6. Give a(f).
6
Suppose -t + 10 = -3*t, u = -t - 16. Let i = -11 - u. Let o(n) = -n + 10. Determine o(i).
10
Let h(p) be the second derivative of 1/3*p**4 + 1/2*p**2 + 0 + 1/3*p**3 + 3*p. Give h(-1).
3
Let f(o) = 2 + o - 2 + 1. Let t be f(0). Let u(d) = t - d - 3*d + 3*d. What is u(-3)?
4
Let y(w) = -w**2 - 9*w + 27. Let i be y(-11). Let r(z) = z - 4. What is r(i)?
1
Suppose 4*m - 12 = 2*p - 0*m, m = 3*p + 3. Let b(k) = -6 - 4*k - k**3 - 4*k**2 + 2*k + p*k. Suppose -3*t + 2*h = -2*h + 4, -h = -4*t - 14. What is b(t)?
2
Let u(k) = -8*k + 1. Let c(s) = -s**3 - 5*s**2 + 7*s + 7. Let q be c(-6). What is u(q)?
-7
Let z be (-10)/(-15)*(-42)/(-8). Let b(q) be the second derivative of 2*q + 0 + 1/6*q**3 - z*q**2. Determine b(4).
-3
Let i be 2 + -3*2/3. Suppose 2*z + 0*z + 4 = i. Let o(f) = -4*f + 1. Give o(z).
9
Let b(x) be the second derivative of -x + 7/6*x**3 + 0 + 1/12*x**4 + x**2. Determine b(-5).
-8
Let k(o) = -o**2 + 7*o - 1. Let z be k(7). Let h(j) be the first derivative of -2*j**3 - j + 43. Give h(z).
-7
Let l(k) = k**2 + 8*k + 6. Let n be 0 - ((8 - 0) + -1). Calculate l(n).
-1
Let v(y) = -13*y - 33. Suppose 1 = 4*q + 9. Let s be 1/(-1*3/27). Let c(n) = 3*n + 8. Let p(b) = q*v(b) + s*c(b). Give p(0).
-6
Let t(n) = -n. Let s be t(5). Let j = -15 - -12. Let c = s - j. Let m(k) = 2*k**2 + 2*k + 1. What is m(c)?
5
Let s(p) = p**2 - p. Let o be s(0). Suppose h + h + 12 = o. Let d(w) = w**2 + 6*w - 1. Determine d(h).
-1
Let l(b) be the second derivative of 0 - 2*b - 1/2*b**2 + 1/6*b**3. Give l(-3).
-4
Let q(z) be the first derivative of z**2/2 + 2*z + 1. Suppose -p - 1 = -5*w + 17, -2*p = 3*w - 16. Let s be w/14 + 36/(-28). What is q(s)?
1
Let p(w) = -w**3 - 7*w**2. Let v be p(-7). Let f = 6 - v. Let o(y) = 25*y - y**2 - 25*y - f. Give o(0).
-6
Let v(o) = 0 + o**3 + 2 + 3*o**2 - 3. Let t(a) = 2*a**3 - a**2 - 2*a - 1. Let c be t(-1). Calculate v(c).
3
Let i(w) = -w**2 + 7*w + 8. Suppose 5*a - 3*l = 2*a + 30, -5*a = 5*l - 30. Calculate i(a).
0
Let z = 4 - -2. Let w(c) = -c + 5. Give w(z).
-1
Let o(h) be the second derivative of h**3/3 + 9*h**2/2 + 6*h. Suppose -10 = -3*i + i. Let c(p) = -p - 4. Let x(z) = i*c(z) + 3*o(z). Determine x(-5).
2
Let a(z) = z**3 + 4*z**2 - z + 3. Let p(i) be the first derivative of -4*i**3/3 - 3. Let w be p(1). Determine a(w).
7
Suppose -5*x - 4*j - 4 + 2 = 0, 3*j + 9 = 0. Let n(c) = 8*c - 3*c + c - 2 - 2 - 6*c**x + c**3. Give n(5).
1
Let l(p) = -p - 3. Let z(m) = 2*m + 3. Let s(g) = 3*l(g) + 2*z(g). Give s(6).
3
Suppose 22*t = 23*t - 9. Let b(n) = n**2 - 10*n. Give b(t).
-9
Let p(l) = -2*l + 4*l - l - 8*l**2. Let g(n) be the third derivative of -n**6/120 - n**5/15 - n**4/6 - 2*n**3/3 - 13*n**2. Let i be g(-3). Give p(i).
-9
Suppose c - 6 = 2*c. Let n(v) = -7*v. Let q(o) = 13*o. Let w(a) = -11*n(a) - 6*q(a). What is w(c)?
6
Let b be (-10)/(-6) - 2/(-6). Suppose 0 = -2*r + v + 1, -3 = b*r + 3*v. Let w(c) = c**2 + c - 5. Let m be w(r). Let g(y) = -3*y - 5. Calculate g(m).
10
Let u = -14 + 17. Let c(h) = 4*h**2 - 3 + 6 - h**2 - 2*h - h**3. What is c(u)?
-3
Let x be 3/(-2 + 1) + 6. Let p(b) = -b**2 - 4. Give p(x).
-13
Suppose 0*k - 12 = -2*k. Let n be 17/(-3) + k/9. Let c(b) = -b**2 - 6*b - 5. Determine c(n).
0
Let o(v) = -3*v + 6. Let q be 1 + 3/(-1) + 1. Let r(h) = h. Let y(j) = q*o(j) - 5*r(j). Give y(-5).
4
Let y(t) = 7*t + 8. Let b(u) be the third derivative of -u**4/4 - 7*u**3/6 + u**2. Let l(h) = -6*b(h) - 5*y(h). Let q be (0 - 2/(-1)) + 2. Give l(q).
6
Let n(r) be the third derivative of 3*r**2 + 1/24*r**4 + 0*r + 1/3*r**3 + 0. Determine n(-6).
-4
Let t = 6 - 4. Let c = -2 - t. Let w(d) = d**3 + d**2 + d - 1. Let x(j) = -7*j**3 - 11*j**2 - 10*j + 7. Let k(y) = -6*w(y) - x(y). What is k(c)?
-1
Let h be (1 + 5)/(1 + 1). Let v(r) be the second derivative of -3/2*r**2 + r**h + 0 - 1/12*r**4 + r. Give v(4).
5
Let g(o) be the third derivative of -o**4/24 - o**3/3 + o**2. Suppose 3*x - 3 = -9. Calculate g(x).
0
Let r(l) be the first derivative of l**4/2 + l**3/3 + l**2/2 + l + 108. Let q(d) = d**3 - 4*d**2 + 2*d + 2. Let t be q(3). Determine r(t).
-1
Let p = -2 - -4. Let x(c) be the first derivative of -c**4/4 + 2*c**3/3 - c**2/2 + 2*c - 44. Give x(p).
0
Let v be (-10)/(-3) - 10/(-15). Let j(s) = -s + 6*s**2 + 7*s + v*s**3 + 2 - 3*s**3. Let r(f) = f**3 - 3*f - 3. Let u be r(-2). Give j(u).
-3
Suppose 3*s = -2*u + 6, 3*s = 4*u + 6 - 0. Let d = 4 + u. Suppose -k + 0*k - 1 = f, -4*f + d*k - 36 = 0. Let l(v) = v**2 + 7*v + 3. What is l(f)?
-7
Let t(c) = -4 - 7*c**2 - 22*c**2 + 41*c**2 - 11*c**2 - 3*c. Let b be (2 - 2)/(-1) + 5. Give t(b).
6
Let t(v) = -7*v**3 + 6*v**2 + 8*v + 9. Let r(g) = 3*g**3 - 3*g**2 - 4*g - 4. Let s(b) = 5*r(b) + 2*t(b). Give s(4).
-2
Let h(d) = -4*d - 10*d + 2 + 3*d + 2*d. What is h(2)?
-16
Let o(i) be the second derivative of -i**4/12 + 2*i**3/3 + i**2 + i. Suppose 4*n + 5 = 5*n. Suppose -2*d = -d - n. Calculate o(d).
-3
Suppose 3*w = -2*d - 12, 2 + 2 = -4*d + 4*w. Let j(n) = n + 4. Determine j(d).
1
Let w(r) = r**2 + 2*r - 5. Let q = -75 + 25. Let x = -24 - q. Suppose -x = 4*s - 6. What is w(s)?
10
Let l be (1 - -2)*(-10)/6. Let a(t) = -5*t**2 + 9*t - 12. Let q(x) = -3*x**2 + 6*x - 8. Let b(f) = 5*a(f) - 8*q(f). Calculate b(l).
-6
Suppose 7*b = -2*n + 3*b - 6, 3 = -b. Let o(t) = 3*t**3 + 2*t**3 - 6*t**n + 4 - 1 - 4*t**2. Give o(-4).
3
Let q(m) = m**2 + m + 1. Let x be (19 - 17)/(((-8)/(-6))/(-2)). What is q(x)?
7
Let w = -2 + -3. Let t(q) = q**3 - 8*q**2 + 4. Let h be t(8). Let k(f) = -f**3 + 0*f**2 + h - 10 - 3*f**2 - 2*f**2 - f. Calculate k(w).
-1
Let k be 8/2 - 3/(-3). Let w(u) = 2 - 1 + 2*u - 2*u**2 - u**2 + k*u**2. What is w(-2)?
5
Let b(p) = -4 + 13 - p - 2*p. Give b(7).
-12
Let r(w) = w**2 + 6*w + 1. Let f(b) = 5*b - 7. Let v(g) = 3*g - 4. Let c(d) = 4*f(d) - 7*v(d). Let y be c(4). Calculate r(y).
-7
Let y(j) = 7*j - 1. Let x(k) = -k**3 + 7*k**2 + 7*k. Let u be ((-8)/(-3))/(2/6). Let b be x(u). Let f be (-2)/b + 3/4. What is y(f)?
6
Suppose 0 = -2*m - 8, 5*a - 12 - 5 = 3*m. Let j(w) = -3*w**3 + a - 5*w**3 - w + 0*w**3. Suppose 3 = 2*h + h. Give j(h).
-8
Let g(x) = x. Let y be (-2)/5*(-25)/5. Determine g(y).
2
Suppose 2*u = -4*j + 31 - 7, -j + 6 = -5*u. Let v(a) = 2*a + a - 11 + 5 - 2*a. What is v(j)?
0
Let k(f) = -f + 10. Let g(l) = l - 9. Let n = -1 + 3. Let u(j) = n*k(j) + 3*g(j). Suppose -4*b + 10 = -5*q, q - 2*q + 12 = 2*b. Determine u(b).
-2
Suppose 3*u + 7 = 2*y + 4*u, 4*y - 7 = 5*u. Let o = 4 + -2. Let i(k) = 2*k**o - 2*k**2 + k**3 - 4*k**2 - 1 + 4*k. What is i(y)?
2
Let d be 8/(-20) + 16/(-10). Let z(f) = f**3 + 2*f**2 + 2*f + 2. Give z(d).
-2
Let k(c) be the first derivative of c**3/3 + 5*c**2/2 + 3*c - 52. Give k(-2).
-3
Let w(i) be the first derivative of i**6/360 - i**5/120 + i**4/24 - 4*i**3/3 + 5. Let d(p) be the third derivativ